{"id":3539,"date":"2020-08-27T18:26:55","date_gmt":"2020-08-27T18:26:55","guid":{"rendered":"https:\/\/historieta.cl\/?post_type=product&amp;p=3539"},"modified":"2020-08-27T18:26:55","modified_gmt":"2020-08-27T18:26:55","slug":"lota-1960-la-huelga-larga-del-carbon-2","status":"publish","type":"product","link":"https:\/\/huvuz.com\/historieta\/product\/lota-1960-la-huelga-larga-del-carbon-2\/","title":{"rendered":"Lota, 1960. La huelga larga del carb\u00f3n"},"content":{"rendered":"<p>&nbsp;<\/p>\n<table>\n<tbody>\n<tr>\n<td><span style=\"font-weight: 400;\">Autor<\/span><\/td>\n<td><span style=\"font-weight: 400;\">Romo; Figueroa; Mu\u00f1oz; Rivas; Plaza<\/span><\/td>\n<\/tr>\n<tr>\n<td><span style=\"font-weight: 400;\">Editorial<\/span><\/td>\n<td><span style=\"font-weight: 400;\">LOM<\/span><\/td>\n<\/tr>\n<tr>\n<td><span style=\"font-weight: 400;\">Colecci\u00f3n<\/span><\/td>\n<td><\/td>\n<\/tr>\n<tr>\n<td><span style=\"font-weight: 400;\">A\u00f1o<\/span><\/td>\n<td><span style=\"font-weight: 400;\">2014<\/span><\/td>\n<\/tr>\n<tr>\n<td><span style=\"font-weight: 400;\">Idioma<\/span><\/td>\n<td><span style=\"font-weight: 400;\">Castellano<\/span><\/td>\n<\/tr>\n<tr>\n<td><span style=\"font-weight: 400;\">N\u00ba de p\u00e1ginas<\/span><\/td>\n<td><span style=\"font-weight: 400;\">120<\/span><\/td>\n<\/tr>\n<tr>\n<td><span style=\"font-weight: 400;\">Encuadernaci\u00f3n<\/span><\/td>\n<td><span style=\"font-weight: 400;\">R\u00fastico<\/span><\/td>\n<\/tr>\n<tr>\n<td><span style=\"font-weight: 400;\">ISBN<\/span><\/td>\n<td><span style=\"font-weight: 400;\">9789560005731<\/span><\/td>\n<\/tr>\n<\/tbody>\n<\/table>\n","protected":false},"excerpt":{"rendered":"<p><span style=\"font-weight: 400;\">Se trata, para los autores, de la primera incursi\u00f3n en la novela gr\u00e1fica de tema hist\u00f3rico social. Se trata, a la vez, del rescate de diversas miradas sobre un suceso de caracter\u00edsticas \u00e9picas, como lo fue la Huelga Larga del Carb\u00f3n de Lota en el a\u00f1o 1960, en Chile, VIII Regi\u00f3n. Hubo un tiempo en que nuestra regi\u00f3n fue principalmente fabril y obrera, y los grandes complejos industriales alimentaban la vida en las ciudades. Lota, Tom\u00e9, Chiguayante, por nombrar los m\u00e1s cercanos, trabajaban incrustados en la econom\u00eda regional. Pero despu\u00e9s pararon. Hoy en d\u00eda quedan ruinas en Lota, en Chiguayante, en Tom\u00e9. Son testimonios de las nuevas condiciones de la econom\u00eda mundial. \u00bfQu\u00e9 queda entonces? La memoria.<\/span><\/p>\n","protected":false},"featured_media":3540,"template":"","meta":[],"product_brand":[],"product_cat":[166],"product_tag":[],"class_list":{"0":"post-3539","1":"product","2":"type-product","3":"status-publish","4":"has-post-thumbnail","6":"product_cat-lom","8":"first","9":"instock","10":"shipping-taxable","11":"purchasable","12":"product-type-simple"},"_links":{"self":[{"href":"https:\/\/huvuz.com\/historieta\/wp-json\/wp\/v2\/product\/3539","targetHints":{"allow":["GET"]}}],"collection":[{"href":"https:\/\/huvuz.com\/historieta\/wp-json\/wp\/v2\/product"}],"about":[{"href":"https:\/\/huvuz.com\/historieta\/wp-json\/wp\/v2\/types\/product"}],"version-history":[{"count":0,"href":"https:\/\/huvuz.com\/historieta\/wp-json\/wp\/v2\/product\/3539\/revisions"}],"wp:featuredmedia":[{"embeddable":true,"href":"https:\/\/huvuz.com\/historieta\/wp-json\/wp\/v2\/media\/3540"}],"wp:attachment":[{"href":"https:\/\/huvuz.com\/historieta\/wp-json\/wp\/v2\/media?parent=3539"}],"wp:term":[{"taxonomy":"product_brand","embeddable":true,"href":"https:\/\/huvuz.com\/historieta\/wp-json\/wp\/v2\/product_brand?post=3539"},{"taxonomy":"product_cat","embeddable":true,"href":"https:\/\/huvuz.com\/historieta\/wp-json\/wp\/v2\/product_cat?post=3539"},{"taxonomy":"product_tag","embeddable":true,"href":"https:\/\/huvuz.com\/historieta\/wp-json\/wp\/v2\/product_tag?post=3539"}],"curies":[{"name":"wp","href":"https:\/\/api.w.org\/{rel}","templated":true}]}}