{"id":3372,"date":"2020-08-22T21:56:55","date_gmt":"2020-08-22T21:56:55","guid":{"rendered":"https:\/\/historieta.cl\/?post_type=product&amp;p=3372"},"modified":"2020-08-22T21:56:55","modified_gmt":"2020-08-22T21:56:55","slug":"chile-arqueologico","status":"publish","type":"product","link":"https:\/\/huvuz.com\/historieta\/product\/chile-arqueologico\/","title":{"rendered":"CHILE ARQUEOL\u00d3GICO"},"content":{"rendered":"<p>&nbsp;<\/p>\n<table>\n<tbody>\n<tr>\n<td><span style=\"font-weight: 400;\">Autor<\/span><\/td>\n<td><span style=\"font-weight: 400;\">Rodrigo Riveros<\/span><\/td>\n<\/tr>\n<tr>\n<td><span style=\"font-weight: 400;\">Editorial<\/span><\/td>\n<td><span style=\"font-weight: 400;\">Arcano IV<\/span><\/td>\n<\/tr>\n<tr>\n<td><span style=\"font-weight: 400;\">Colecci\u00f3n<\/span><\/td>\n<td><span style=\"font-weight: 400;\">\u00d1AU<\/span><\/td>\n<\/tr>\n<tr>\n<td><span style=\"font-weight: 400;\">A\u00f1o<\/span><\/td>\n<td><span style=\"font-weight: 400;\">2019<\/span><\/td>\n<\/tr>\n<tr>\n<td><span style=\"font-weight: 400;\">Idioma<\/span><\/td>\n<td><span style=\"font-weight: 400;\">ESPA\u00d1OL<\/span><\/td>\n<\/tr>\n<tr>\n<td><span style=\"font-weight: 400;\">N\u00ba de p\u00e1ginas<\/span><\/td>\n<td><span style=\"font-weight: 400;\">58 COLOR<\/span><\/td>\n<\/tr>\n<tr>\n<td><span style=\"font-weight: 400;\">Encuadernaci\u00f3n<\/span><\/td>\n<td><span style=\"font-weight: 400;\">DURA<\/span><\/td>\n<\/tr>\n<tr>\n<td><span style=\"font-weight: 400;\">ISBN<\/span><\/td>\n<td><span style=\"font-weight: 400;\">9789568849153<\/span><\/td>\n<\/tr>\n<\/tbody>\n<\/table>\n","protected":false},"excerpt":{"rendered":"<p><span style=\"font-weight: 400;\">Chile arqueol\u00f3gico nos explica los diez hallazgos m\u00e1s importantes para conocer nuestro pasado prehist\u00f3rico en formato de c\u00f3mic. Adem\u00e1s de presentar la historiograf\u00eda arqueol\u00f3gica local, se da el tiempo de reflexionar sobre fen\u00f3menos como el paso de algunas comunidades desde las<\/span><\/p>\n<p><span style=\"font-weight: 400;\">actividades de caza y recolecci\u00f3n a las sociedades aldeanas, un proceso de varios miles de a\u00f1os que deton\u00f3 una nueva organizaci\u00f3n social, pol\u00edtica, econ\u00f3mica y religiosa. En resumen, tiene un valor pedag\u00f3gico important\u00edsimo y posee la capacidad de sintetizar la numerosa y \u00e1rida<\/span><\/p>\n<p><span style=\"font-weight: 400;\">bibliograf\u00eda que le sirve de fuente, en una publicaci\u00f3n amena, logrando a momentos evocar el pasado de manera v\u00edvida , colorida y tambi\u00e9n con un toque de humor.<\/span><\/p>\n","protected":false},"featured_media":3373,"template":"","meta":[],"product_brand":[],"product_cat":[165],"product_tag":[],"class_list":{"0":"post-3372","1":"product","2":"type-product","3":"status-publish","4":"has-post-thumbnail","6":"product_cat-arcano-iv","8":"first","9":"instock","10":"shipping-taxable","11":"purchasable","12":"product-type-simple"},"_links":{"self":[{"href":"https:\/\/huvuz.com\/historieta\/wp-json\/wp\/v2\/product\/3372","targetHints":{"allow":["GET"]}}],"collection":[{"href":"https:\/\/huvuz.com\/historieta\/wp-json\/wp\/v2\/product"}],"about":[{"href":"https:\/\/huvuz.com\/historieta\/wp-json\/wp\/v2\/types\/product"}],"version-history":[{"count":0,"href":"https:\/\/huvuz.com\/historieta\/wp-json\/wp\/v2\/product\/3372\/revisions"}],"wp:featuredmedia":[{"embeddable":true,"href":"https:\/\/huvuz.com\/historieta\/wp-json\/wp\/v2\/media\/3373"}],"wp:attachment":[{"href":"https:\/\/huvuz.com\/historieta\/wp-json\/wp\/v2\/media?parent=3372"}],"wp:term":[{"taxonomy":"product_brand","embeddable":true,"href":"https:\/\/huvuz.com\/historieta\/wp-json\/wp\/v2\/product_brand?post=3372"},{"taxonomy":"product_cat","embeddable":true,"href":"https:\/\/huvuz.com\/historieta\/wp-json\/wp\/v2\/product_cat?post=3372"},{"taxonomy":"product_tag","embeddable":true,"href":"https:\/\/huvuz.com\/historieta\/wp-json\/wp\/v2\/product_tag?post=3372"}],"curies":[{"name":"wp","href":"https:\/\/api.w.org\/{rel}","templated":true}]}}